18. Let g be 5 + (-228)/(-18) + (-1)/j. Calculate the greatest common factor of g and 2.
2
Suppose -265*u + 246000 + 1729045 = 0. What is the highest common divisor of 58 and u?
29
Suppose -3414 - 920 = -22*v. Let l = v + -169. What is the greatest common divisor of 21 and l?
7
Suppose p - 3*d - 81 = 76, -2*p = 4*d - 304. Suppose o + 2*k = 3*o - 184, -5*k = -4*o + 372. Calculate the highest common divisor of o and p.
22
Let c = -7978 - -7982. Suppose 2*i - 2*o + 5*o = -185, -2*i = -5*o + 177. Let z = 159 + i. Calculate the greatest common divisor of c and z.
4
Let g(n) = -2*n**3 - 3*n**2 + 8*n + 8. Let h be g(-6). Let q = h - 81. Calculate the highest common factor of q and 29.
29
Suppose -3*c - 4 = 5. Let o be (c*(-8)/18)/((-11)/(-66)). Let g = -37 - -38. What is the greatest common divisor of o and g?
1
Let g be (29/(-3))/(1*(-12)/18)*126. What is the highest common factor of g and 42?
21
Let v = -2089 - -2288. Calculate the highest common factor of v and 1.
1
Let i(u) = -41*u + 3566. Let v be i(85). What is the greatest common divisor of v and 765?
9
Let b be (-32 + (-1 - -18))*-15. Calculate the highest common divisor of 9150 and b.
75
Let a be 16 + (18 - 10) + 75. Calculate the greatest common divisor of a and 273.
3
Suppose 5*o = -n + 2397, -34*o - n - 963 = -36*o. Suppose -65*s + 75*s = o. What is the greatest common divisor of s and 6?
6
Suppose -4*f + 33 = -f. Let w = 109 + -105. Suppose -2*j + 6*j = w*y + 116, 4*j - 5*y = 112. Calculate the highest common divisor of f and j.
11
Let i be (6/(-10))/(3/(-10)). Let k be (i/4)/(21/336). What is the greatest common divisor of 56 and k?
8
Suppose -4*m - 4*j = -700, 3*j - 79 + 580 = 3*m. Calculate the highest common divisor of 954 and m.
9
Let s = 245 + -119. Suppose 6*f - s + 36 = 0. Let y be 4*f/20 + -1. Calculate the greatest common divisor of 3 and y.
1
Let n = 6536 - 6224. Calculate the greatest common factor of n and 195.
39
Let r(c) = c**3 - 8*c**2 + 8*c - 10. Let v be r(5). Let u = v - -61. Suppose -9*g + 7*g = -u. Calculate the greatest common factor of g and 88.
8
Let r(t) = 12*t**2 + 58*t - 592. Let a be r(20). What is the highest common factor of a and 88?
88
Suppose 9*o + 48 = -7*o. Let p be 5/(-30)*o*10. Calculate the highest common divisor of 40 and p.
5
Suppose 5*j = -2*z + 801 + 526, 5*j - 1322 = 3*z. Suppose -71 - j = 6*c. Let w be c + 54 - (0 + 1 + -115). Calculate the greatest common divisor of 16 and w.
16
Let u = 4 + -23. Let w = 361 + u. Suppose -6*g - w = -8*g. What is the greatest common divisor of 19 and g?
19
Suppose -2*k - 11679 = -4*w + 3023, -3*k + 11013 = 3*w. What is the highest common factor of w and 44?
22
Let c(p) = p**2 - 10*p + 296. Let g be c(14). What is the greatest common divisor of g and 2024?
88
Let f(l) = l**3 + 6*l**2 - 9*l - 45. Let i be f(-5). Calculate the greatest common factor of i and 40.
5
Let z be (-4 - 1 - -2) + 3. Let r be z + 0 - 9/((-9)/(-3)). Let j(u) = -19*u - 1. Let n be j(r). Calculate the greatest common divisor of n and 8.
8
Let v(q) = q**3 - 3*q**2 - 10*q + 4. Let b be v(5). Suppose 8*o - 510 = 4*o + 3*l, -o + b*l + 134 = 0. What is the highest common divisor of 18 and o?
18
Let m be (-4)/10 + 204/10. Let w be 64/m - 16/(-20). Suppose -w*l + 123 = -417. Calculate the highest common divisor of 27 and l.
27
Let y(z) = -5*z**2 - 121*z - 90. Let g be y(-10). Calculate the greatest common divisor of g and 2945.
155
Suppose 13 = 3*g + 4*o - 137, 0 = -3*g + 4*o + 174. Let s = g - -24. Let r = s + -74. What is the highest common divisor of r and 44?
4
Let r(m) = m**2 - 21*m + 116. Let h be r(9). Suppose -158*p - h = -160*p. Calculate the greatest common factor of p and 44.
4
Suppose -593 = -5*n + 67. Let t be (4/5)/((12/(-530))/(-6)). Let g be t*(-1)/(-18) - (-2)/9. Calculate the greatest common divisor of g and n.
12
Let k be 49*-5*((1 - 4) + 2). Let s = -201 + k. What is the greatest common divisor of s and 792?
44
Let c(o) = 15*o**2 - 106*o - 499. Let j be c(-4). Calculate the highest common factor of j and 880.
55
Let d be 18518/(-985)*10/(-2) + 5. What is the greatest common divisor of d and 45639?
99
Let m(r) = r**2 - 7503*r + 52607. Let p be m(7). Let z be 2/(2 + 0) - -107. What is the greatest common divisor of p and z?
27
Suppose -20*m = -62*m - 51*m + 391716. Calculate the highest common factor of 8 and m.
4
Let g be 3/6*-6 - -8. Let y = -143 - -153. Let h be (-5)/y + 3*(-74)/(-4). What is the highest common factor of g and h?
5
Let p be 27/6*6/(-9). Let o = 6 + p. Suppose 82 = 3*s - 2*r, -o*r - 7 = 8. What is the highest common divisor of 3 and s?
3
Let r(g) be the third derivative of g**4/2 - 343*g**3/6 + 285*g**2. Let d be r(31). What is the highest common factor of 58 and d?
29
Suppose -2*n + 113 + 39 = 0. Let x = n - 39. Let f = 67 - x. What is the highest common divisor of f and 20?
10
Let a be (117/156)/(9/600). What is the greatest common factor of a and 1370?
10
Suppose -3056 = 5*m + 3*a - 40640, 3*m - a = 22556. What is the highest common factor of m and 7?
7
Let z be ((-4)/(12/(-99)))/((-4)/24). Let b = -137 - z. Suppose 0 = 3*l + 2*q - 44, -2*q - 23 = -5*l + b. Calculate the highest common divisor of 64 and l.
16
Suppose 8*j = 13*j - l - 63, 2*l + 22 = 2*j. What is the highest common divisor of j and 14456?
13
Let w = 1982 - 1793. Let v = 41 - 20. Calculate the greatest common factor of w and v.
21
Suppose -7*x = 4 - 18. Suppose x*i - 10 = -8. Let h be (268 + -1 + -2)*i. What is the greatest common factor of 53 and h?
53
Let o(w) = -w**2 - 16*w + 40. Let v be o(-16). Suppose 5*y - 90 = -v. Calculate the highest common factor of 15 and y.
5
Let u(r) = 30*r**3 - 2*r**2 + 2*r - 8. Let h be u(2). Let i be (44 - 2) + -5 + 1 + -2. What is the highest common divisor of h and i?
12
Let j(d) = -440*d - 325. Let f be j(-8). What is the greatest common divisor of f and 71?
71
Let n(q) = 6*q**2 + 14*q + 12. Let b be (-3)/2 + (170/(-20) - -4). Let u be n(b). Calculate the greatest common divisor of 18 and u.
18
Let g(s) = 5*s**2 + 4*s + 3. Let z be g(-4). Let m(p) = p**2 + 17*p + 79. Let u be m(13). What is the greatest common divisor of u and z?
67
Let h be -12*42/(-12) - -3. Calculate the greatest common divisor of h and 50.
5
Let r be (-4 + (1008/3 - 5))*1. Let c = 331 - r. Calculate the highest common divisor of 16 and c.
4
Suppose -2142 - 353 = -g + 3*d, g - 2470 = -2*d. Calculate the greatest common factor of 372 and g.
124
Let w(g) = g**2 - 26*g - 43. Let i be w(13). Let t = i - -247. Let z(c) = -6*c - 1. Let d be z(-6). Calculate the greatest common factor of t and d.
35
Let y(r) be the second derivative of r**5/10 - r**4/12 + 2*r**3/3 - 4*r**2 + 89*r. Let z be y(4). Calculate the highest common factor of z and 5.
5
Let i = 19845 + -19841. What is the highest common factor of 5420 and i?
4
Suppose -6*c = 2*c - 32. Suppose -c*z + 355 = 115. Suppose 10*o + 0 = z. What is the highest common factor of o and 9?
3
Let p be 3*3384/(-81)*9/(-4). Suppose -2*x - 4*q + 564 = 0, -9*q = x - 4*q - p. What is the highest common factor of 6 and x?
6
Suppose -147 + 930 = 3*n + 3*i, 996 = 4*n - 4*i. Calculate the greatest common divisor of n and 340.
85
Let n = 538 + -541. Let k be 71 - (7 + n - 3). Calculate the greatest common factor of k and 80.
10
Suppose 4*j - 509 = 75. What is the highest common factor of 949 and j?
73
Suppose -5*c + x = -386, 13 = -3*x + 25. What is the greatest common factor of c and 1248?
78
Let f be 51/(-204) + (-45434)/(-8). Calculate the greatest common factor of f and 18.
9
Let j be 3/(-6) + (-1446)/(-4). Let p(y) = 196*y + 2567. Let l be p(-13). Calculate the highest common factor of l and j.
19
Let i be 270/315 - (2 - (-1 + 32502/7)). What is the greatest common divisor of 78 and i?
39
Let n(o) = 20*o**2 + 69*o**2 - 755 + 754. Let y be n(-1). What is the highest common factor of y and 8?
8
Suppose -32*g = 25*g - 47*g - 2400. Calculate the greatest common divisor of 5376 and g.
48
Let s(y) = 51*y + 415. Let z be s(-8). Calculate the greatest common factor of 2569 and z.
7
Let s(i) = -4*i**2 - 5*i - 8. Let v be s(-3). Let f(u) = u + 127. Let d be f(v). Suppose -22 + 78 = 2*a. What is the greatest common factor of d and a?
14
Let o be 2 - (264960/(-15) - 14). Calculate the highest common divisor of 13 an